+ 6*r(q). Calculate o(5).
-5
Let o(b) = -b**2 - 14*b + 12. Let j(t) = 3*t**2 + 29*t - 23. Let i(k) = 2*j(k) + 5*o(k). Give i(10).
-6
Let x(t) = -t. Let v be x(-6). Suppose 2*m + 2*l = -3*m + 4, 3*l = 2*m - 13. Let i be (-15)/v*m/(-1). Let d(z) = z - 12. Determine d(i).
-7
Let s(m) = -2*m**2 + 13*m - 1. Let f = 18 - 11. Let d(i) = -5*i + 0*i - 2*i + i**2. Let c(l) = f*d(l) + 4*s(l). Calculate c(3).
-4
Let t(j) = 2*j + 1. Let f be (-330)/(-88) + ((-6)/8 - -1). Give t(f).
9
Let j(m) be the third derivative of -m**6/120 - 13*m**5/60 + 13*m**4/24 - 10*m**3/3 - 7*m**2 + 29*m. What is j(-14)?
-6
Let l = -35 - -41. Let o(u) = -u**2 + l - 60*u + 60*u + u**3. Determine o(0).
6
Let y(c) = -47*c + 704. Let q be y(15). Let w(h) = 3*h**3 - 3*h**2 - h + 1. Determine w(q).
-4
Suppose 4*f = 2*f + 6. Let c = f - -4. Let a(x) = x**2 - 7*x + 3. Calculate a(c).
3
Let x(j) = j**2 + 3*j + 1. Let i be x(-3). Let n(s) = i + 0*s**2 - s**3 + 0*s**2 + 2*s**2. What is n(2)?
1
Let b be (-9)/6 - (-124)/8. Let z(l) = -2*l - b + 5 + 3*l. Let u = 13 - 6. Calculate z(u).
-2
Let w(z) be the second derivative of -z**5/20 - z**4/3 - z**3/3 - 2*z. Let m be (-39)/13*1*(-2)/6. Let d be m*(-4 - -2 - 1). Give w(d).
-3
Let c(a) be the third derivative of -1/6*a**3 + 0*a + 0 - 1/24*a**4 - 5*a**2. What is c(-5)?
4
Let a be -1 + 2/2 + 2. Let n(b) be the second derivative of b**4/6 + b**3/3 - b**2 - 462*b. Calculate n(a).
10
Let a = 11 + -12. Let y = 4 + a. Let j(z) = 5*z**y + 2*z - z**2 + 1 + 0*z - 2*z. What is j(-1)?
-5
Let l(y) = -y**2 - 5*y - 2. Let m(c) = 2*c**3 - 4*c**2 + c + 2. Let j be m(2). Suppose 0 = j*q - q + 9. What is l(q)?
4
Let q(l) = -2*l + 2. Let o = -38 + 20. Let j be (-50)/o - 8/(-36). Calculate q(j).
-4
Let c(w) be the first derivative of -w - 1/2*w**2 + 4. Give c(-4).
3
Let t be -4*-5*1/(-4). Let f(j) = 3*j**2 - 7*j + 1. Let h(u) be the first derivative of u**3/3 - 2*u**2 + u - 2. Let l(r) = t*h(r) + 2*f(r). Calculate l(-6).
-3
Let i(s) = 42*s - 1. Let c(a) = -83*a + 2. Let z(x) = -6*c(x) - 13*i(x). Give z(1).
-47
Let c(k) = -7. Let i(r) = r. Let g(s) = -c(s) - 2*i(s). Give g(0).
7
Let r(o) = o**2 + 7*o - 2. Let f be r(-7). Let n = f - -5. Let g(t) = -3*t + 6. Let c(d) = -d. Let b(a) = 2*c(a) - g(a). Give b(n).
-3
Let y(t) = 9*t**2 - 24*t**2 - 13*t + 4 + 11*t**2. Let v(r) = -2*r**2 - 6*r + 2. Let q(h) = -13*v(h) + 6*y(h). Let d be (-1)/(-2) - 6/(-4). Give q(d).
6
Let g(m) = 2*m**2 + m - 6. Let i be g(2). Let d(v) = 0 - 6*v - 1 + i*v + 4*v. Let s(z) = 2*z - 2. Let h(y) = -6*d(y) + 4*s(y). Determine h(2).
-10
Let n(w) = -w + 10. Let i be n(6). Let z(u) = -u + 2. Let p(r) = r - 3. Let k(l) = i*z(l) + 3*p(l). Let j = 38 - 34. What is k(j)?
-5
Let c be (-3)/(-4) - (-6)/(-8). Suppose j - 4*s = 6*j - 76, 0 = 3*j + 2*s - 44. Let d(b) = -j - 11 - 6 + 31 + b. Determine d(c).
2
Let s(d) = -d**2 + 1. Let w = -7 + -19. Let r = w - -24. What is s(r)?
-3
Let k(w) = w + 6. Let q be (48/(-14))/((-108)/(-378)). Calculate k(q).
-6
Let p(y) be the second derivative of -y**4/24 - y**3/3 - 21*y**2/2 - 27*y. Let w(c) be the first derivative of p(c). Determine w(-2).
0
Suppose -2*t + 1 + 5 = 0. Suppose -12 = t*u - 7*u. Let k(r) = -r + 2*r**2 - u*r**2 + 0*r + 2*r**2. Calculate k(1).
0
Let m(c) = c**3 + 0*c**2 + c + 0*c**3 + 1 + 3*c**2. Let f be (-6)/4 + 1 - (-1755)/130. Suppose 3*h - 5*h = 5*b + f, -4*b - 17 = -5*h. Determine m(b).
-2
Suppose -v - 1 = b, 3*b - 7*b = 3*v. Let p(c) = 1640*c + 112. Let z(d) = -44*d - 3. Let h(j) = -3*p(j) - 112*z(j). What is h(b)?
24
Let m(a) = a**2 - 13*a - 18. Let w be m(14). Let i(j) = j. Let p(v) = -1 - 5*v + 2*v - 2*v - 2. Let z(d) = -3*i(d) - p(d). Give z(w).
-5
Let w(z) = -z**2 - 2. Let m(v) = -v**3 + 2*v**2 + v + 3. Let q(k) = -2*m(k) - 3*w(k). Calculate q(-2).
-16
Let g(s) = -s**3 - 4*s**2. Let f(n) = -2*n + 5. Let b be f(7). Let u(a) = -3*a - 11. Let w be u(b). Suppose -7*p + 3*p = w. What is g(p)?
0
Suppose w = 4*i - 8, -i - 1 = w + 2*i. Let o(x) = x**3 + 4*x**2 + x - 3. Give o(w).
-7
Let u(y) = y + 7. Let t be u(3). Suppose -k - 30 = -6*k + 2*d, 2*d = -t. Let w(i) be the first derivative of i**4/4 - 2*i**3 + 7*i**2/2 - 6*i + 2. Give w(k).
-10
Suppose -31*z - 15 = -28*z. Let p = z + 13. Let r(v) = -v**3 + 9*v**2 - 8*v - 5. Give r(p).
-5
Suppose -3 + 0 = -k, -3*g + k + 3 = 0. Let t(m) = m**2 + 0 + 2 + 2 - g*m - 2. Determine t(3).
5
Let s(m) be the first derivative of -m**2 + 7*m + 126. Give s(5).
-3
Let p = -380 - -373. Let m(h) = -h**3 - 7*h**2 - 1. Determine m(p).
-1
Let h(n) = -20*n + 2 + 23*n - 9*n. What is h(2)?
-10
Let m(f) = 3*f**3 - f. Let p be m(1). Let l(r) be the third derivative of r**5/20 - r**4/24 - r**3/3 - 137*r**2 - 2*r. Give l(p).
8
Let i(r) = 8 + 131*r**2 - 92*r**2 - 38*r**2 + 9*r. Determine i(-8).
0
Let i(w) = 4*w - 4*w + 362 + 352 - 720 + w. What is i(5)?
-1
Let j(x) = -3*x + 6. Let y be j(4). Let v = 3 + y. Let r(l) = -5*l + 3. Let g(m) = -4*m + 2. Let p(z) = 4*g(z) - 3*r(z). Determine p(v).
2
Let i(s) be the second derivative of -1/3*s**3 + 11/2*s**2 + 22*s + 0. Determine i(8).
-5
Let o(b) = 69*b - 35*b - 36*b. Suppose 2*s = 4*s + 4*g - 28, 2*s + 2*g - 20 = 0. Let m = -9 + s. Calculate o(m).
6
Let m(k) = -2*k - 2*k**2 + 3*k**3 + 0*k - k - 2*k**3 + 4. Suppose -3*q + 4 = 5*n - 2, 0 = n - q - 6. Give m(n).
4
Let l(w) = w**2 + 4*w - 2*w + 130 - w**3 - 122 - 3*w. Calculate l(0).
8
Let s(n) = -4*n - 3. Suppose -3*a + 7 = -8*j + 3*j, -5*a - j = 35. Determine s(a).
21
Suppose 5 - 13 = -4*h. Let y(a) = a + 4. Let j(q) = 5*q + 21. Let s(d) = h*j(d) - 11*y(d). What is s(-5)?
3
Let h(j) = j - 5. Let l(m) = 2*m - 15. Let i(u) = -7*h(u) + 2*l(u). Suppose -4*k - 5*c - 6 = 0, -5*k - 37 = -4*c - 9. Calculate i(k).
17
Let c(i) = -i - 4. Let y be ((-2)/6)/(1/(-36)). Suppose 6*k - 9*k + y = 0. Determine c(k).
-8
Let b be (5/(-1) - -13) + 0/(-2). Suppose -5 = 3*a - 2*g, 3*g - b*g = -5. Let w(r) = 2*r**3 - r. Determine w(a).
-1
Suppose 72 = 25*q - 16*q. Let s(w) = w**2 - 6*w - 1. Determine s(q).
15
Let x(p) = -2*p**2 + p + 1. Let h(j) = 11*j**2 - 7*j - 9. Let i(g) = -h(g) - 6*x(g). Determine i(-3).
9
Let u be 196/(-6)*((-5)/(-10) + -2). Let w = u + -50. Let h(y) = -13*y. Give h(w).
13
Let x(p) = 5*p**2 - 6 - p**3 - 8*p + 3*p**2 + 0*p**3. Calculate x(7).
-13
Let v(s) = -s + 3. Let t(f) = f**2 + 20*f - 19. Let k be t(-21). Let q be k + 2 - (-3 + (6 - 3)). What is v(q)?
-1
Let r(i) = -1. Let o(z) = -9*z**2 - 4*z - 2. Let h(l) = o(l) + 2*r(l). Determine h(-2).
-32
Let b(c) be the third derivative of 1/24*c**4 + 11*c**2 + 0 + 0*c - 5/6*c**3. Give b(4).
-1
Let k(m) = -m**2 + 6*m + 2. Let j(d) be the first derivative of -d**2/2 + 12*d + 7. Let b be j(6). What is k(b)?
2
Let k(m) = -m**2 - 2*m**2 + 4 + 2*m**2 + 4*m. Let n be k(4). Let i(d) = n - 2*d + 3*d**3 + d**2 - 6*d**2 - 4*d**3. Determine i(-5).
14
Let i be (-295)/15 + (-1)/3. Let j(z) = z**2 + 23*z + 61. Determine j(i).
1
Suppose x + 4*x - c = 20, x = -3*c - 12. Suppose x*v + 0*r + r - 26 = 0, 0 = -v - 3*r + 14. Let k(s) = -s**3 + 7*s**2 + 8*s - 5. Calculate k(v).
-5
Let o(p) = -p + 1. Let r = 240 - 234. Give o(r).
-5
Let k(w) be the second derivative of -4*w**3/3 + 5*w**2/2 + w. Let q(n) = -n + 1. Let p(d) = -k(d) + 4*q(d). What is p(-6)?
-25
Let a(r) = -r**3 + r**2 + 3*r + 15. Suppose -10*p - 3*x = -6*p + 9, -9 = -9*p + 3*x. Determine a(p).
15
Suppose 0 = -4*l - 0*y + 2*y + 12, -18 = -5*l + 4*y. Let f = l - 1. Let v(h) = 0*h + 3 + 3 + 2*h - f. Determine v(4).
13
Let l(i) = 5*i**3 - 12*i**2 - 4*i + 15. Let g(u) = 12*u**3 - 25*u**2 - 9*u + 30. Let v(a) = 2*g(a) - 5*l(a). What is v(10)?
5
Let x(d) = -2*d**2 - 981*d - d**2 + 982*d + 1. Calculate x(3).
-23
Suppose -29 = 4*r - 1. Let o be (-7)/(r/4) + -3. Let y(f) = -5*f - 4. Let w(n) = 10*n + 9. Let c(x) = 3*w(x) + 7*y(x). Give c(o).
-6
Let h(d) = d - 2. Let q(a) = a + 1. Let b(t) = -3*h(t) + 2*q(t). What is b(6)?
2
Let z(l) = 3 - l + 6 - 3. Let r be 18/42 + 33/21. Suppose -4 = -g + r. What is z(g)?
0
Let i(z) = z**2 + 6*z**3 + 0*z + 0*z - 1. Let v = 589 + -590. Give i(v).
-6
Let p(s) = -4*s**2 + 26*s + 6. Let a(g) = 5*g**2 - 34*g - 4. Let n(k) = 3*a(k) + 4*p(k). Give n(4).
4
Let b(o) be the third derivative of -o**4/12 + 462*o**2. Let p(x) = x**2 - 4*x - 7. Let q be p(5). Determine b(q).
4
Suppose 5*m + 5*i = i + 37, 2*m + i = 13. Let q(a) = 2*a - 16.